base 7?
1453361
220dd1 (base 15) to base 7
16540063
Convert -16228 (base 13) to base 2.
-1010010010000011
What is 822d (base 15) in base 10?
27493
Convert -3895d (base 14) to base 3.
-21001201220
507600 (base 10) to base 11
317405
Convert -100101110010110110 (base 2) to base 6.
-3152410
Convert -32042 (base 7) to base 9.
-11768
Convert -1000010000000011101 (base 2) to base 3.
-111201212112
Convert 142231444 (base 5) to base 4.
2311111131
303201201 (base 4) to base 11
134616
Convert -1995986 (base 11) to base 12.
-1160983
What is 744201 (base 8) in base 11?
15a308
712bc5 (base 16) to base 5
3344314043
Convert 1273933 (base 10) to base 9.
2351451
-1001011100001011 (base 2) to base 11
-27062
What is 88c0 (base 14) in base 5?
1224223
102210200020202 (base 3) to base 10
6272498
What is -d1b070 (base 14) in base 6?
-411155030
3b5d1e (base 15) to base 13
78c563
What is -49a1 (base 12) in base 7?
-33166
Convert 1996a06 (base 12) to base 16.
52c326
Convert 100120121200210 (base 3) to base 11.
2967533
2003900 (base 10) to base 12
8077b8
1003232421 (base 5) to base 13
55426c
What is -66883 (base 11) in base 3?
-11220220120
Convert -4453149 (base 11) to base 3.
-112200200022112
What is d894c (base 15) in base 16?
a7c76
6000 (base 14) to base 7
66000
What is 764010 (base 10) in base 5?
143422020
Convert -1a431 (base 14) to base 3.
-10101110202
Convert 234243430 (base 5) to base 7.
12146106
What is 32513 (base 9) in base 2?
101010000110110
Convert 112342252 (base 7) to base 8.
32206210
What is -96025 (base 10) in base 16?
-17719
What is 15a9716 (base 11) in base 7?
32153610
Convert 71636 (base 14) to base 12.
111b00
Convert -2500202 (base 8) to base 10.
-688258
Convert 2664326 (base 10) to base 12.
a85a32
Convert -1215250011 (base 6) to base 13.
-2b82884
Convert 3230502 (base 6) to base 2.
100110111101100110
-17337440 (base 8) to base 3
-21121120220222
What is -15e62 (base 15) in base 11?
-49171
What is -13314040 (base 5) in base 7?
-1103050
What is 95765 (base 10) in base 15?
1d595
Convert -5462106 (base 7) to base 14.
-136576
-66215346 (base 7) to base 4
-111223331013
-520530 (base 8) to base 16
-2a158
Convert -7cac5 (base 15) to base 16.
-60ffe
What is -95060 (base 13) in base 10?
-268112
-2110221010122 (base 3) to base 14
-264161
Convert 158015 (base 12) to base 13.
ca9a0
Convert -3133302 (base 4) to base 15.
-439c
What is -1011021212 (base 3) in base 8?
-54433
47128 (base 10) to base 4
23200120
Convert 1010101100100111110 (base 2) to base 13.
c3717
Convert 43505 (base 9) to base 7.
150041
What is 259053 (base 14) in base 13?
3633bb
Convert 694d9 (base 16) to base 11.
275070
Convert 94949 (base 12) to base 10.
194889
Convert 375d7 (base 16) to base 10.
226775
12000210022202 (base 3) to base 10
2672750
What is -555853 (base 9) in base 13?
-b83a7
4872b (base 15) to base 14
60324
Convert 794ac1 (base 16) to base 10.
7948993
511705 (base 8) to base 9
276617
Convert 41494a (base 11) to base 7.
5440454
What is -6c895b (base 15) in base 12?
-18a5165
-20043434202 (base 5) to base 2
-1001011111011110000010000
What is 628774 (base 9) in base 2?
1011011010001111010
What is 1050342 (base 6) in base 14?
155b0
Convert -424022204 (base 5) to base 4.
-12303100110
Convert -2563325 (base 12) to base 5.
-3340034224
What is 2455534 (base 9) in base 2?
101000110001010011100
Convert 10222220010 (base 3) to base 9.
128803
Convert -1673583 (base 10) to base 2.
-110011000100101101111
-4802648 (base 9) to base 6
-131421412
What is 256621 (base 14) in base 2?
100111001110100010101
What is -112333002 (base 4) in base 15?
-1cd66
-3345540 (base 7) to base 13
-116b50
What is a7327 (base 12) in base 15?
45264
-3411204 (base 5) to base 9
-101485
5d90d4 (base 15) to base 6
240050314
-11330030012 (base 4) to base 12
-631232
Convert 3462421 (base 7) to base 12.
19001a
-13876 (base 14) to base 8
-136300
c6f55 (base 16) to base 13
226c12
Convert 2001011100201 (base 3) to base 16.
10912f
What is 484d37 (base 15) in base 2?
1101001100011110100001
What is -70d57 (base 16) in base 11?
-296262
Convert 7fe22 (base 16) to base 3.
222121112101
Convert -11010101000001111 (base 2) to base 13.
-3a851
68c90 (base 16) to base 10
429200
2886667 (base 11) to base 16
4ba503
232030003 (base 6) to base 2
10000011000111000110011
-12200342 (base 5) to base 7
-661245
1b4c62 (base 15) to base 5
320120132
11131 (base 7) to base 14
1051
What is -46a1a2 (base 14) in base 13?
-6649a7
What is 110011321 (base 4) in base 5?
10113142
What is 111101100000000 (base 2) in base 10?
31488
What is 4201205 (base 6) in base 13?
71207
Convert 477c3 (base 15) to base 2.
110111101000101011
Convert -83d8d9 (base 16) to base 4.
-200331203121
-173174 (base 10) to base 6
-3413422
10111101001000110 (base 2) to base 9
156747
What is -5ddc22 (base 14) in base 15?
-43b057
What is -648370 (base 9) in base 11?
-244574
5459cb (base 13) to base 5
1001432012
Convert -9618ea (base 15) to base 7.
-114501406
Convert 324540 (base 7) to base 14.
16a20
Convert -3153464 (base 11) to base 9.
-11403850
Convert -cab54 (base 13) to base 8.
-1314046
What is 14430113 (base 5) in base 3?
21212122222
Convert 128e9bc (base 15) to base 7.
221406411
What is 21f3d8 (base 16) in base 4?
20133033120
1165500 (base 7) to base 10
150822
What is 12111020120 (base 3) in base 13?
3a260
-40580 (base 15) to base 11
-12a093
-2036355 (base 7) to base 16
-3bc0a
-18d149 (base 14) to base 8
-3270675
Convert 711b1 (base 12) to base 13.
51c9a
What is 4628983 (base 10) in base 15?
61683d
-c3601 (base 14) to base 9
-786237
Convert 78212 (base 11) to base 10.
113390
What is 90c89 (base 13) in base 12?
105bb2
742327 (base 12) to base 6
103110051
What is 452aa (base 14) in base 13?
5b585
Convert -122120201002 (base 3) to base 10.
-346061
Convert 31871 (base 13) to base 5.
10324244
14994b (base 13) to base 16
7bc0e
Convert -148030 (base 10) to base 8.
-441076
What is -2402411 (base 6) in base 14?
-337a7
Convert -10153266 (base 7) to base 3.
-1121100211020
Convert 11713a (base 15) to base 2.
11001011100101110001
Convert 1021111111110 (base 3) to base 9.
1244443
-57ab (base 12) to base 4
-2120303
What is -110021100121120 (base 3) in base 7?
-106302546
What is -1c4130 (base 13) in base 6?
-23255153
Convert 134155 (base 11) to base 15.
4256e
Convert 101101110001110000100 (base 2) to base 4.
11232032010
Convert 27832a (base 13) to base 12.
3a3b08
What is -61633a (base 12) in base 11?
-951487
What is 3825366 (base 10) in base 16?
3a5ed6
212012120222021 (base 3) to base 4
233003002102
Convert -45535321 (base 6) to base 11.
-874644
43330 (base 6) to base 14
2258
Convert -2c5546 (base 15) to base 10.
-2144316
Convert 46230025 (base 7) to base 13.
ab6388
What is -31003001 (base 7) in base 6?
-131255312
133221200 (base 4) to base 8
375140
513336 (base 7) to base 4
111121113
What is -214112451 (base 6) in base 7?
-44413063
What is 3199864 (base 10) in base 12?
10a3934
3507463 (base 8) to base 10
954163
-4356537 (base 8) to base 3
-2012111000100
-2243355 (base 6) to base 7
-655544
Convert -8524577 (base 9) to base 10.
-4563286
Convert -d68833 (base 15) to base 16.
-9bb539
14c8626 (base 14) to base 5
10100234421
What is 111120002212 (base 3) in base 14?
6d399
What is 5a9140 (base 16) in base 11?
3394410
-20202204 (base 5) to base 3
-22021022210
1200111231 (base 4) to base 9
661260
2701218 (base 9) to base 8
5505015
Convert 2c07100 (base 13) to base 12.
489200a
What is -43a69 (base 12) in base 5?
-10332044
Convert -361266 (base 8) to base 14.
-3306a
What is -54498 (base 12) in base 4?
-123022310
What is -933275 (base 10) in base 7?
-10634630
Convert -4520422 (base 6) to base 5.
-24301004
-66888 (base 10) to base 16
-10548
493296 (base 11) to base 14
164529
What is -1200003 (base 5) in base 15?
-6738
1100001101111101101101 (base 2) to base 7
36136655
1112110002002 (base 3) to base 13
227435
Convert 11c1584 (base 14) to base 6.
502512520
Convert 1322224 (base 5) to base 8.
63704
What is 26074602 (base 8) in base 14?
aad106
-3075596 (base 11) to base 15
-72240a
-1667 (base 11) to base 14
-ac2
13612 (base 7) to base 5
104413
What is 241131121 (base 5) in base 10?
1114536
Convert -301424 (base 8) to base 10.
-99092
80316 (base 11) to base 3
12222012011
What is 405097 (base 10) in base 12?
176521
Wha